?
True
Does 260 divide 180843578?
False
Does 97 divide 78110705?
True
Is 36 a factor of 11183112?
True
Does 9 divide 6772428?
True
Does 120 divide 333126367?
False
Is 36 a factor of 49849740?
True
Is 398331304 a multiple of 2015?
False
Is 18700031 a multiple of 17?
False
Does 69 divide 14488006?
False
Does 8 divide 337577880?
True
Is 2434 a factor of 257918810?
True
Is 41498916 a multiple of 1308?
True
Does 36 divide 89219520?
True
Is 47 a factor of 6149600768?
False
Is 57724822 a multiple of 937?
True
Does 292 divide 1064506732?
True
Does 992 divide 3381992864?
True
Is 21094528 a multiple of 32?
True
Is 606084278 a multiple of 221?
False
Does 23 divide 108680469?
False
Does 84 divide 58020648?
True
Is 435546486 a multiple of 5?
False
Is 408528534 a multiple of 542?
False
Is 194017410 a multiple of 1269?
True
Does 1715 divide 36702715?
True
Is 6 a factor of 103365948?
True
Does 17 divide 1022127227?
True
Does 2 divide 23686447?
False
Does 5405 divide 2762857635?
True
Is 7005 a factor of 311400270?
True
Does 135 divide 211886550?
True
Does 27 divide 1204040295?
True
Is 7538117 a multiple of 22?
False
Does 102 divide 606556770?
True
Does 188 divide 54156596?
True
Is 121 a factor of 4195070?
True
Is 328 a factor of 7582079?
False
Is 188037044 a multiple of 116?
True
Is 412 a factor of 9115088?
True
Is 43 a factor of 26822755?
True
Is 311 a factor of 6401935?
True
Does 74 divide 25188969?
False
Is 253869976 a multiple of 2997?
False
Is 1801 a factor of 19016759?
True
Does 763 divide 59051622?
True
Is 140978990 a multiple of 10?
True
Does 502 divide 1356875791?
False
Is 4488800 a multiple of 775?
True
Does 43 divide 2703511?
False
Is 307062473 a multiple of 4879?
False
Does 14 divide 124489133?
False
Is 33 a factor of 2228275731?
True
Is 46667148 a multiple of 438?
True
Is 46771600 a multiple of 20?
True
Is 19271808 a multiple of 72?
True
Is 34 a factor of 11664414?
True
Does 558 divide 53455778?
False
Is 2 a factor of 1623074?
True
Is 798 a factor of 59605007?
False
Is 41525424 a multiple of 9?
True
Is 342 a factor of 87462761?
False
Does 11 divide 614074230?
True
Does 1738 divide 24457020?
False
Does 467 divide 1734292214?
False
Does 1983 divide 137308869?
True
Does 1281 divide 61186965?
True
Is 98816 a multiple of 256?
True
Is 3335064 a multiple of 158?
True
Is 1622212402 a multiple of 254?
True
Is 6693057 a multiple of 3?
True
Is 349792242 a multiple of 5781?
False
Is 281841842 a multiple of 215?
False
Does 802 divide 157708612?
False
Does 106 divide 167295665?
False
Does 6 divide 193007288?
False
Is 5 a factor of 3398463525?
True
Is 828 a factor of 1787517864?
True
Does 12 divide 75690828?
True
Is 1143 a factor of 537994109?
False
Does 17 divide 3293250345?
False
Is 31 a factor of 317523700?
True
Does 8423 divide 135693164?
False
Is 329 a factor of 9799962?
False
Does 406 divide 12180000?
True
Is 123 a factor of 680980813?
False
Is 172055570 a multiple of 18?
False
Is 209401104 a multiple of 102?
True
Is 1480 a factor of 183080298?
False
Does 15 divide 1541145206?
False
Does 4 divide 8889192?
True
Is 6684969 a multiple of 99?
False
Does 9 divide 46580134?
False
Is 10 a factor of 2494690?
True
Is 956 a factor of 9622036?
False
Does 1155 divide 139636035?
True
Is 2583 a factor of 5344227?
True
Is 165682665 a multiple of 5?
True
Does 248 divide 23544872?
True
Is 2818 a factor of 173141112?
False
Does 11 divide 15348674?
True
Is 17895675 a multiple of 10?
False
Is 125529011 a multiple of 384?
False
Does 13410 divide 166027865?
False
Is 60424348 a multiple of 268?
False
Is 7106783 a multiple of 13?
False
Is 484 a factor of 30348161?
False
Is 20 a factor of 9286120?
True
Does 32 divide 856180576?
True
Is 46 a factor of 301736954?
True
Is 52528914 a multiple of 3?
True
Is 14211780 a multiple of 33?
True
Is 265818672 a multiple of 162?
True
Is 200 a factor of 32097800?
True
Is 6929884 a multiple of 52?
True
Does 3 divide 10549595?
False
Is 30 a factor of 39090315?
False
Is 74839160 a multiple of 185?
True
Does 5 divide 45204845?
True
Does 25 divide 947693431?
False
Is 18 a factor of 1045924002?
True
Does 186 divide 119101380?
True
Is 13567146 a multiple of 2526?
True
Is 5 a factor of 286328499?
False
Does 10940 divide 1706169580?
True
Is 72138654 a multiple of 126?
True
Does 1429 divide 432850904?
False
Does 6 divide 37466979?
False
Is 502 a factor of 8129890?
True
Is 196471044 a multiple of 99?
True
Is 287 a factor of 381691345?
True
Is 12 a factor of 84409341?
False
Does 105 divide 6290445?
True
Is 42 a factor of 917833401?
False
Is 7 a factor of 38022397?
True
Is 234 a factor of 7654254?
False
Does 167 divide 1630274374?
True
Is 7282422690 a multiple of 15?
True
Does 42 divide 87452258?
False
Is 10 a factor of 3416010420?
True
Is 1917792364 a multiple of 117?
False
Is 103261727 a multiple of 109?
False
Is 113 a factor of 928278008?
False
Is 70106967 a multiple of 161?
True
Does 493 divide 46847325?
True
Is 43555771 a multiple of 37?
True
Is 46 a factor of 13538136?
False
Is 20 a factor of 36811895?
False
Does 6 divide 11320358?
False
Does 167 divide 2844177?
True
Does 19 divide 1349562?
False
Is 52 a factor of 17282245?
False
Is 71 a factor of 65086533?
False
Is 7885340 a multiple of 10?
True
Does 2379 divide 359164767?
True
Is 325596 a multiple of 43?
True
Is 608506445 a multiple of 95?
True
Is 239 a factor of 5944169?
True
Is 1157 a factor of 2765226?
False
Is 10 a factor of 1748745500?
True
Is 4951841946 a multiple of 42?
False
Does 18 divide 46425456?
True
Is 857 a factor of 1576583014?
False
Is 2631 a factor of 30687984?
True
Is 13 a factor of 279815241?
False
Is 1060539614 a multiple of 326?
True
Is 631701920 a multiple of 15?
False
Is 26 a factor of 151080332?
True
Does 10 divide 51872377?
False
Is 590157918 a multiple of 2493?
True
Is 255 a factor of 168557295?
True
Does 31 divide 176886062?
True
Does 7 divide 10881453?
False
Is 49903232 a multiple of 656?
True
Is 171 a factor of 153348380?
False
Is 33 a factor of 7874668?
False
Is 8 a factor of 70501946?
False
Does 282 divide 1979670?
False
Does 8 divide 1659765?
False
Is 364612995 a multiple of 9?
True
Does 83 divide 1294324533?
False
Does 9 divide 23893803?
True
Does 424 divide 992551776?
True
Is 23 a factor of 8945344?
True
Does 14 divide 43331484?
True
Does 193 divide 77521924?
True
Is 3424890 a multiple of 15?
True
Does 1201 divide 2290110036?
True
Does 2948 divide 2139361597?
False
Is 990703742 a multiple of 1466?
True
Is 115975043 a multiple of 10?
False
Is 13 a factor of 468290153?
False
Is 837924514 a multiple of 383?
False
Does 679 divide 462757787?
False
Does 329 divide 6747770?
False
Is 160590120 a multiple of 4754?
True
Is 7 a factor of 40423631?
False
Is 12377 a factor of 4440778096?
False
Is 112415310 a multiple of 290?
True
Does 1148 divide 804925940?
True
Does 3189 divide 924894204?
False
Is 58576642 a multiple of 1833?
False
Is 13 a factor of 35305296?
True
Is 13 a factor of 87770110?
False
Does 2505 divide 574905015?
True
Is 31 a factor of 1057960684?
True
Is 80352554 a multiple of 78?
False
Is 58 a factor of 1710340849?
False
Does 1538 divide 996216677?
False
Is 5321808 a multiple of 370?
False
Does 377 divide 17295252?
True
Does 14 divide 165964194?
False
Is 22 a factor of 695333228?
False
Is 43277036 a multiple of 1598?
True
Is 30044897 a multiple of 50?
False
Does 67 divide 356897663?
False
Does 841 divide 277612418?
True
Does 86 divide 38061459?
False
Does 2379 divide 831527112?
True
Does 3632 divide 1717633695?
False
Is 38 a factor of 11904222?
True
Is 240897372 a multiple of 11?
False
Does 3574 divide 63912688?
False
Does 11 divide 16825193?
True
Does 93 divide 370582029?
True
Is 157 a factor of 657882909?
True
Does 2257 divide 239853647?
True
Is 87 a factor of 273790?
False
Is 7699962 a multiple of 4?
False
Does 2 divide 4221092?
True
Does 2209 divide 71657751?
True
Is 1130 a factor of 846751940?
True
Does 2532 divide 515818497?
False
Is 5079958 a multiple of 793?
True
Does 46 divide 428271132?
True
Is 1102851968 a multiple of 64?
True
Is 1202 a factor of 273040045?
False
Is 18 a factor of 839187522?
True
Does 26 divide 508015742?
True
Is 424 a factor of 59330320?
True
Is 36484138 a multiple of 223?
True
Is 156 a factor of 19656223?
False
Does 19 divide 8740